at is the units digit of c(r)?
1
Let p(d) = -2*d - 4. Suppose -7*s + 16 = -3*s. Suppose 0*a + 24 = -s*a. What is the units digit of p(a)?
8
Let y(h) = -5*h**3 + 27*h**2 - 30*h**2 - 2 + 3*h + 4*h**3 + 5. Let g be y(-4). Suppose -g*d + 364 = -0*d. What is the tens digit of d?
5
Suppose 65*h - 27*h - 9424 = 0. What is the units digit of h?
8
Let l = 4 + -1. Let c be (17 - (0 + -1)) + l. Suppose 4 = -r + c. What is the units digit of r?
7
Let r = 1109 - 781. What is the units digit of r?
8
Let t(n) = n**3 + 9*n**2 - 9*n - 10. Let z be t(-10). Let y be 3/2*z/(-6). Suppose -y*w + 204 = -w. What is the tens digit of w?
5
Suppose 2*x + 4*b - 432 = 0, 4*x + 2*b - 900 = 3*b. Suppose -5*r + 81 + x = 0. What is the units digit of r?
1
Let y = 3 + 153. What is the tens digit of y?
5
Let k(d) = -d**3 + 8*d**2 - 2*d - 1. Suppose 4 = l - 2. Let h be k(l). Suppose -5*i + 31 = -h. What is the tens digit of i?
1
Let m(y) = 2*y**2 - 3*y - 4. Let a be m(3). Let b be (-20)/(-6)*(-6)/a. What is the units digit of -1 + (-4 - b) - -18?
7
Let s = 824 + -561. What is the units digit of s?
3
Suppose -15 = o + 4*o. Let z(g) be the third derivative of g**5/20 - g**4/24 - 7*g**3/6 - 57*g**2. What is the tens digit of z(o)?
2
Let t(o) = 6*o**3 - 83*o**2 - 13*o + 13. What is the hundreds digit of t(16)?
1
Let i(l) = -3*l**2 + 8*l - 2. Let b(u) = -13*u**2 + 32*u - 9. Let n(p) = -2*b(p) + 9*i(p). What is the units digit of n(7)?
7
Let p(u) = u**2 + 5*u - 19. Let z be p(-10). Let x = z + -26. What is the units digit of x?
5
Let o(t) = t - 5. Let u be o(-3). Let p = u - -11. Suppose -j = p - 15. What is the tens digit of j?
1
Let n(u) be the second derivative of -1/20*u**5 - 2/3*u**4 + 0*u**2 + 0 - 5/3*u**3 - u. What is the units digit of n(-7)?
1
Let b = 104 + -53. Suppose -297 + b = -3*d. Suppose -2*z = -2*i - d, -3*z - 6*i + 153 = -3*i. What is the tens digit of z?
4
Let x be 3/(-5)*(-1 + -54). Let p = x - -9. What is the units digit of p?
2
Suppose 0*l - 4*l - 12 = 0. Let u(f) = -5*f + 2. Let o(t) = 4*t - 1. Let v(s) = l*o(s) - 2*u(s). What is the tens digit of v(-13)?
2
Let g be 4/10 - 72/(-20). Suppose 5*d + 9 = w, -2*w - g*d = -5*w + 49. Let k = w - 16. What is the units digit of k?
3
Let v = -51 + -21. What is the tens digit of (7/4)/(3/(v/(-3)))?
1
Suppose -c + 935 = 200*o - 196*o, 2*c + 2 = 0. What is the hundreds digit of o?
2
Suppose -4*t + 3*b - 6 = b, 0 = -2*t - 4*b - 8. Let i be -1 + (-113)/(t + 1). Suppose i = s + s. What is the tens digit of s?
5
Suppose 0 = -8*t - 202 + 1642. What is the hundreds digit of t?
1
Let q(c) = 20 + 6*c - 2*c - 14 + c**2. What is the tens digit of q(-13)?
2
Let k(a) = -a**2 - a + 9. Let c be k(0). Suppose 6 = -7*t + c*t. Suppose 3*v - s - 58 = -2*s, 0 = -v - t*s + 6. What is the units digit of v?
1
What is the hundreds digit of (-1 + -110)*((-85)/15 + -1)?
7
Let b(v) = -v**3 - 13*v**2 + 14*v - 5. Let z be b(-14). Let a(h) = -2*h**3 - 10*h**2 - h - 2. What is the units digit of a(z)?
3
Let q(n) be the second derivative of n**5/20 + 11*n**4/12 + 7*n**3/6 - 9*n**2/2 - 3*n. Let g be q(-10). Suppose -b + 42 = g. What is the tens digit of b?
2
Let u(q) = 37*q + 20. What is the tens digit of u(5)?
0
Let y = -1701 - -2837. What is the tens digit of y?
3
Suppose 0*z - 10 = -5*z. Let o(i) = -i**2 - 7*i - 2. Let v be o(-4). Suppose -5*x + 76 = -n + v, -31 = -z*x + 5*n. What is the units digit of x?
3
Let c = 28 + -28. Let p(d) = d**3 + d**2 - 2*d + 25. What is the units digit of p(c)?
5
Suppose 2*a = -a. Suppose a = 4*b + v - 280, 248 + 102 = 5*b - 3*v. What is the tens digit of b?
7
Let g = 321 - 122. What is the units digit of g?
9
Let t(b) = -5*b**2 - 7*b + 3. Let y = -12 - -1. Let a be t(y). What is the tens digit of 1/4 + a/(-12)?
4
Let b(a) = 5*a**3 - 5*a**2 + a + 1. Let z(k) = 11*k**3 - 11*k**2 + k + 3. Let i(x) = 5*b(x) - 2*z(x). What is the tens digit of i(2)?
1
Let k = 3844 - 2267. What is the tens digit of k?
7
Let u = 2198 - 1510. What is the units digit of u?
8
Let l = 6174 + -2429. What is the hundreds digit of l?
7
Let r = -3 - 0. Let b = r - -3. Let u = 19 + b. What is the units digit of u?
9
Suppose 0 = -y - 123 - 15. What is the tens digit of y/10*-5*(-1)/(-1)?
6
Let n(d) = 3*d**3 + 2*d**2 - 1. Let i be n(2). Let q = 92 - i. What is the units digit of q?
1
What is the tens digit of 7/28*-10*-1436?
9
Let n be -15*(6/(-15))/2. Let r(f) = 3 - 1 + f**3 + f + 9*f**2 + n. What is the tens digit of r(-8)?
6
Let r = -8 - -7. Let f be (-3 - r - -1) + 11. What is the units digit of 250/(-30)*(-18)/f?
5
Suppose 0 = 4*u + 2*d + 1310, -4*u - 1280 = -d - 3*d. Let i = u + 461. What is the units digit of i?
6
Suppose 0 = 5*v - 2*j - 72, -2*v - 4*j + 36 = -3*j. Let c be v/40 - 4/10. Let b(w) = w**3 - w**2 - w + 61. What is the tens digit of b(c)?
6
Let v be (-1750)/(-56) + (-3)/(-4). Suppose -m - v = -119. What is the units digit of m?
7
Let k = -2110 + 3587. What is the units digit of k?
7
Let c = -111 + 15. Let i = c + 172. What is the units digit of i?
6
Let d = 37 - 32. Suppose -d*i = 3*g - 198, -2*g = -3*g - i + 68. What is the tens digit of g?
7
Let m be 18/(-4)*(-16)/6. Let d be 1/(-2 - (-21)/m). What is the units digit of ((-49)/4)/7*d?
7
Suppose 3*x + 11 + 15 = -2*g, 2*g = 2*x + 4. Let a(w) = 2*w + 16. What is the units digit of a(x)?
4
Suppose 2*v + b = 2595, 3*v - 5*b = -0*v + 3899. What is the hundreds digit of v?
2
Let m be (-2)/5 - 282/(-5). Let l = -11 + m. What is the tens digit of -2 + l - 27/(-9)?
4
Suppose -2*k = -41 - 499. Suppose 5*y - k = -0*y. Suppose -3*m + y = -m. What is the tens digit of m?
2
Suppose -4*r = r + d - 608, 127 = r + 2*d. Suppose 4*w = -3*v + v - 324, 0 = w - 2*v + 71. Let b = w + r. What is the tens digit of b?
4
Let c(s) = 6*s**2 - s - 4. Let q be c(-4). Suppose -5*i + q = -114. What is the units digit of i?
2
Suppose k + i - 8 = 0, 0 = k - 0*k + 3*i - 10. Suppose -131 - k = -2*l. What is the units digit of l?
9
Suppose -2 + 8 = q. Let b be 26*(q/(-4) - 0). What is the units digit of (-26)/b + (-152)/(-6)?
6
Let c(j) = 62*j**2 + j. Let d = 14 + -13. Let k be c(d). Suppose 17 = 4*i - k. What is the units digit of i?
0
Let l(t) = 4*t**3 - 3*t**2 - 3*t + 4. What is the hundreds digit of l(4)?
2
Let m = 916 - -808. What is the hundreds digit of m?
7
Suppose 4*l - v - 87 = 0, 9*l - 7*l = 2*v + 48. What is the tens digit of l?
2
Suppose 0 = -y - 2*y + 102. Suppose 0 = 3*v - 8*v - 105. Let h = y + v. What is the tens digit of h?
1
Let y = 1460 + -951. What is the units digit of y?
9
Suppose -5*q = -7 - 3. Suppose -3*z - q*z + 440 = 0. What is the units digit of z?
8
Let w = -1947 - -2911. What is the tens digit of w?
6
Suppose 46*v - 41*v - 1330 = 0. What is the tens digit of v?
6
Let v(o) = -o**2 - 3*o + 4. Let y be v(-5). Let k(l) = -2*l - 9. Let c be k(y). Suppose 0 = -c*j + 3*x + 156, -15 = 2*x + x. What is the units digit of j?
7
Suppose 33*t - 260 = 29*t. What is the tens digit of t?
6
Let j be 0 + -4 - 55/(-5). Let o(g) = g**2 - g + 29. What is the tens digit of o(j)?
7
Suppose 2 = 5*q - 3, 3*q - 501 = -3*d. What is the hundreds digit of d?
1
Let z(v) be the second derivative of -v**5/20 - 4*v**4/3 - 17*v**3/6 + 4*v**2 + 28*v. What is the tens digit of z(-15)?
3
Let s(a) = -2*a - 7. Let q be s(0). Let z(o) = o**2 + 2*o + 7. Let t be z(q). Suppose -t + 134 = 4*j. What is the units digit of j?
3
What is the hundreds digit of (62/3)/(1844/204 - 9)?
5
Suppose 2*a - 9 = c - 2, 5*a = 4*c + 40. Let j = c + 15. Suppose j = -0*n + 4*n - 84. What is the tens digit of n?
2
Let c(v) = 4 + v**3 + 4*v**2 - 3*v + 4*v**3 - 1 - 4*v**3. Let o = -10 - -6. What is the units digit of c(o)?
5
Let j = 1904 - 1097. What is the tens digit of j?
0
What is the hundreds digit of (8 + 12/(-3))/((-4)/(-394))?
3
Suppose 0 = -10*s + 13*s - 4*c - 6163, 3*c = 5*s - 10268. What is the units digit of s?
3
Suppose 66*m - 889 = 73*m. Let b = 147 + -220. Let n = b - m. What is the tens digit of n?
5
What is the tens digit of 87 - (14/(-2))/7?
8
Let x = 1544 + -1235. What is the units digit of x?
9
Suppose -18*p = -11*p - 4606. Suppose 2*o = 5*j + 331, -5*o - 3*j = -p - 92. What is the hundreds digit of o?
1
Let v(k) = 2*k**3 - 2*k**2 - k - 2. Let d be v(2). Suppose x + d*x - 312 = -2*n, -4*n + 128 = 2*x. What is the tens digit of x?
6
Le